{"id":8,"date":"2017-09-19T15:23:57","date_gmt":"2017-09-19T15:23:57","guid":{"rendered":"http:\/\/ahonen.fi\/Wp\/?page_id=8"},"modified":"2023-07-03T09:21:47","modified_gmt":"2023-07-03T07:21:47","slug":"uutisia-ja-tapahtumia","status":"publish","type":"page","link":"https:\/\/ahonen.fi\/Wp\/uutisia-ja-tapahtumia\/","title":{"rendered":"Uutisia ja tapahtumia"},"content":{"rendered":"<h3>Ajankohtaista<\/h3>\n<h3>Mit\u00e4 tilastot kertovat Ahosten sukuseuran www-sivujen ja Facebookin k\u00e4yt\u00f6st\u00e4?<\/h3>\n<p>(Mikko Ahonen, 13.5.2023)<br \/>\nJotta eri viestint\u00e4kanavat tukisivat toinen toisiaan ja jotta tietoa Ahosten sukuseurasta saataisiin levitetty\u00e4 laajemmalle, k\u00e4yn seuraavassa l\u00e4pi muutamia tilastotietoja erikseen kummankin alustan osalta. Katso tarkempi aiheen avaus <a href=\"https:\/\/ahonen.fi\/Wp\/wp-content\/uploads\/2023\/07\/Mita_tilastot_kert_AhonenFi_ja_Facebook.pdf\" target=\"_blank\" rel=\"noopener\">oheista pdf-liitteest\u00e4<\/a>.<\/p>\n<h2>Tiedotuksia<\/h2>\n<p><a class=\"teksti\" href=\"http:\/\/ahonen.fi\/Wp\/puheenjohtajan-palsta\/\">Puheenjohtajan palstalla tapahtuu<\/a> &#8211; sielt\u00e4 l\u00f6yd\u00e4t viimeisimm\u00e4t sukuseuramme puheenjohtajan ja hallituksen kuulumiset.<\/p>\n<p>Jos osoitteenne muuttuu, ilmoittakaa siit\u00e4 hallituksen puheenjohtajalle. Tiedon voi toimittaa kirjeitse tai s\u00e4hk\u00f6postin kautta osoitteeseen:<br \/>\nPekka Ahonen, Tarhurinkuja 3, 24130 Salo<br \/>\nPuh. 050 564 0454<br \/>\npekka.eero.ahonen[at]gmail.com<\/p>\n<h3>Aikaisempia tapahtumia<\/h3>\n<table class=\"vasen\" style=\"height: 1053px;\" border=\"0\" width=\"641\" cellspacing=\"0\" cellpadding=\"0\">\n<tbody>\n<tr>\n<td valign=\"top\">16.-18.7.2021<\/p>\n<p>13.-14.7.2019<\/td>\n<td valign=\"top\">Ahoset -sukuseuramatka Tampereelle Scandic Tampere Koskipuistoon<\/p>\n<p>Sukuseuramme sukujuhla j\u00e4rjestettiin <a href=\"https:\/\/kunnonpaikka.com\/fi\" target=\"_blank\" rel=\"noopener noreferrer\">Kylpyl\u00e4hotelli Kunnonpaikassa<\/a> Siilinj\u00e4rvell\u00e4.<\/td>\n<\/tr>\n<tr>\n<td valign=\"top\">15.-16.7.2017<\/td>\n<td valign=\"top\">Ahosten varsinainen sukukokous pidettiin Siilinj\u00e4rven Vuorelassa, Kylpyl\u00e4hotelli Kunnonpaikassa. 15.7. oli sukuharojen tapaaminen ja frisbee kisaan. 16.7. pidettiin varsinainen sukukous, jossa julkaistiin Sukukirja III -osa.<\/td>\n<\/tr>\n<tr>\n<td valign=\"top\">2.-3.8.2016<\/td>\n<td valign=\"top\">Ahosten sukuseuran matka Lieksaan ja Joensuuhun.<\/td>\n<\/tr>\n<tr>\n<td valign=\"top\">11.-12.7.2015<\/td>\n<td valign=\"top\">Ahosten varsinainen sukukokous pidettiin Siilinj\u00e4rven Vuorelassa, Kylpyl\u00e4hotelli Kunnonpaikassa. 11.7. oli sukuharojen tapaaminen ja frisbee kisaan. 12.7. pidettiin varsinainen sukukous.<\/td>\n<\/tr>\n<tr>\n<td valign=\"top\">13.7.2014<\/td>\n<td valign=\"top\">J\u00e4rjestettiin sukuseuran j\u00e4senten yhteinen p\u00e4iv\u00e4retki Nilsi\u00e4\u00e4n Aholansaareen. P\u00e4iv\u00e4n aikana tutustuimme saaren historiaan, katsoimme teatteriesityksen ja vietimme mukavan yhteisen p\u00e4iv\u00e4n sukulaisten seurassa.<\/td>\n<\/tr>\n<tr>\n<td valign=\"top\">6.-7.7.2013<\/td>\n<td valign=\"top\">Vuoden 2013 sukuseuran yhteinen tapaaminen j\u00e4rjestettiin Siilinj\u00e4rven Vuorelassa, <a class=\"teksti\" href=\"https:\/\/kunnonpaikka.com\/fi\" target=\"_blank\" rel=\"noopener noreferrer\">Kylpyl\u00e4hotelli Kunnonpaikassa<\/a>.<\/td>\n<\/tr>\n<tr>\n<td valign=\"top\">9-10.7.2011<\/td>\n<td valign=\"top\">Vuoden 2011 sukuseuran yhteinen tapaaminen j\u00e4rjestettiin Siilij\u00e4rven Vuorelassa, Kylpyl\u00e4hotelli Kunnonpaikassa.<\/td>\n<\/tr>\n<tr>\n<td valign=\"top\">20.3.2012<\/td>\n<td valign=\"top\">Ahoset -sukuseuran nimenmuutos Pohjois-Savon ja Pohjois-Karjalan Ahoset -sukuseura ry:ksi.<\/td>\n<\/tr>\n<tr>\n<td valign=\"top\" width=\"110\">17.-18.7.2010<\/td>\n<td valign=\"top\">Kes\u00e4kokous pidettiin 17-18.7. Vuorelassa, Kylpyl\u00e4hotelli Kunnonpaikassa,Jokiharjuntie 3, 70910 Vuorela. 10-vuotisjuhlakokouksessa julkistettiin sukuseuramme <a class=\"teksti\" href=\"http:\/\/ahonen.fi\/Wp\/sukukirja\/\">Sukukirja II -osa<\/a>. Kokouksessa oli mukana paljon sukuseuramme j\u00e4seni\u00e4 &#8211; sukukokouksen 2010 yhteinen potrettikuva l\u00f6ytyy <a class=\"teksti\" href=\"http:\/\/ahonen.fi\/Wp\/valokuvia\/\">Valokuvia -sivulta<\/a>.<\/td>\n<\/tr>\n<tr>\n<td valign=\"top\">11.-12.7.2009<\/td>\n<td valign=\"top\">Kes\u00e4tapaaminen pidettiin <a class=\"teksti\" href=\"http:\/\/www.gasthauslastulahti.com\" target=\"_blank\" rel=\"noopener noreferrer\">Gasthaus Lastulahdessa<\/a> Nilsi\u00e4ss\u00e4.<\/td>\n<\/tr>\n<tr>\n<td valign=\"top\">5.-6.7.2008<\/td>\n<td valign=\"top\">Vuoden 2008 kes\u00e4tapaaminen pidettiin Joensuussa. Kokouspaikkana oli hotelli Julie, Valimontie 3, Lehmo.<\/td>\n<\/tr>\n<tr>\n<td valign=\"top\">Kes\u00e4kuu 2008<\/td>\n<td valign=\"top\">Ahoset-j\u00e4senlehden ensimm\u00e4inen numero tuli painosta kes\u00e4kuussa 2008 ja postitettiin j\u00e4senillemme.<\/td>\n<\/tr>\n<tr>\n<td valign=\"top\">21.-22.7.2007<\/td>\n<td valign=\"top\">Kes\u00e4kokous pidettiin Kylpyl\u00e4hotelli Kunnonpaikassa Siilinj\u00e4rvell\u00e4, jossa julkistettiin Sukukirja I -osa.<\/td>\n<\/tr>\n<tr>\n<td valign=\"top\">Kes\u00e4 2005<\/td>\n<td valign=\"top\">Vuonna 2000 Valtimolla perustettu sukuseuramme t\u00e4ytti viisi vuotta. Juhlistimme toimintaa sukukokouksella Siilinj\u00e4rvell\u00e4 hein\u00e4kuussa.<\/td>\n<\/tr>\n<tr>\n<td valign=\"top\">13.7.2005<\/td>\n<td valign=\"top\">Ahonen.fi www-sivut avattiin.<\/td>\n<\/tr>\n<tr>\n<td valign=\"top\">9.-10.7.2005<\/td>\n<td valign=\"top\">Sukuseuran vuosikokous Siilinj\u00e4rvell\u00e4 hotelli Kunnonpaikassa. Uusi hallitus valittiin ja puheenjohtajaksi Antti Ahosen j\u00e4lkeen Viljo Nuutinen.<\/td>\n<\/tr>\n<tr>\n<td valign=\"top\">1.6.2005<\/td>\n<td valign=\"top\">Sukuviiri valmis, suunnittelijana arkkitehti Timo Ahonen. Sukuviiri symbolisoi Ahos-sukujen vahvaa raivaaja- ja kaskeamisperinnett\u00e4 Yl\u00e4-Savon ja Yl\u00e4-Karjalan korpipit\u00e4jiss\u00e4. Viiri\u00e4 saatavissa sek\u00e4 p\u00f6yt\u00e4- ett\u00e4 salkoviirin\u00e4.<\/td>\n<\/tr>\n<\/tbody>\n<\/table>\n","protected":false},"excerpt":{"rendered":"<p>Ajankohtaista Mit\u00e4 tilastot kertovat Ahosten sukuseuran www-sivujen ja Facebookin k\u00e4yt\u00f6st\u00e4? (Mikko Ahonen, 13.5.2023) Jotta eri viestint\u00e4kanavat tukisivat toinen toisiaan ja jotta tietoa Ahosten sukuseurasta saataisiin levitetty\u00e4 laajemmalle, k\u00e4yn seuraavassa l\u00e4pi muutamia tilastotietoja erikseen kummankin alustan osalta. Katso tarkempi aiheen avaus oheista pdf-liitteest\u00e4. Tiedotuksia Puheenjohtajan palstalla tapahtuu &#8211; sielt\u00e4 l\u00f6yd\u00e4t viimeisimm\u00e4t sukuseuramme puheenjohtajan ja hallituksen kuulumiset. &hellip; <\/p>\n<p class=\"link-more\"><a href=\"https:\/\/ahonen.fi\/Wp\/uutisia-ja-tapahtumia\/\" class=\"more-link\">Jatka lukemista<span class=\"screen-reader-text\"> &#8221;Uutisia ja tapahtumia&#8221;<\/span><\/a><\/p>\n","protected":false},"author":4,"featured_media":0,"parent":0,"menu_order":0,"comment_status":"closed","ping_status":"closed","template":"","meta":{"footnotes":""},"class_list":["post-8","page","type-page","status-publish","hentry"],"_links":{"self":[{"href":"https:\/\/ahonen.fi\/Wp\/wp-json\/wp\/v2\/pages\/8","targetHints":{"allow":["GET"]}}],"collection":[{"href":"https:\/\/ahonen.fi\/Wp\/wp-json\/wp\/v2\/pages"}],"about":[{"href":"https:\/\/ahonen.fi\/Wp\/wp-json\/wp\/v2\/types\/page"}],"author":[{"embeddable":true,"href":"https:\/\/ahonen.fi\/Wp\/wp-json\/wp\/v2\/users\/4"}],"replies":[{"embeddable":true,"href":"https:\/\/ahonen.fi\/Wp\/wp-json\/wp\/v2\/comments?post=8"}],"version-history":[{"count":33,"href":"https:\/\/ahonen.fi\/Wp\/wp-json\/wp\/v2\/pages\/8\/revisions"}],"predecessor-version":[{"id":272,"href":"https:\/\/ahonen.fi\/Wp\/wp-json\/wp\/v2\/pages\/8\/revisions\/272"}],"wp:attachment":[{"href":"https:\/\/ahonen.fi\/Wp\/wp-json\/wp\/v2\/media?parent=8"}],"curies":[{"name":"wp","href":"https:\/\/api.w.org\/{rel}","templated":true}]}}

<h3>Ajankohtaista</h3>
<h3>Mitä tilastot kertovat Ahosten sukuseuran www-sivujen ja Facebookin käytöstä?</h3>
<p>(Mikko Ahonen, 13.5.2023)<br />
Jotta eri viestintäkanavat tukisivat toinen toisiaan ja jotta tietoa Ahosten sukuseurasta saataisiin levitettyä laajemmalle, käyn seuraavassa läpi muutamia tilastotietoja erikseen kummankin alustan osalta. Katso tarkempi aiheen avaus <a href="https://ahonen.fi/Wp/wp-content/uploads/2023/07/Mita_tilastot_kert_AhonenFi_ja_Facebook.pdf" target="_blank" rel="noopener">oheista pdf-liitteestä</a>.</p>
<h2>Tiedotuksia</h2>
<p><a class="teksti" href="http://ahonen.fi/Wp/puheenjohtajan-palsta/">Puheenjohtajan palstalla tapahtuu</a> &#8211; sieltä löydät viimeisimmät sukuseuramme puheenjohtajan ja hallituksen kuulumiset.</p>
<p>Jos osoitteenne muuttuu, ilmoittakaa siitä hallituksen puheenjohtajalle. Tiedon voi toimittaa kirjeitse tai sähköpostin kautta osoitteeseen:<br />
Pekka Ahonen, Tarhurinkuja 3, 24130 Salo<br />
Puh. 050 564 0454<br />
pekka.eero.ahonen[at]gmail.com</p>
<h3>Aikaisempia tapahtumia</h3>
<table class="vasen" style="height: 1053px;" border="0" width="641" cellspacing="0" cellpadding="0">
<tbody>
<tr>
<td valign="top">16.-18.7.2021</p>
<p>13.-14.7.2019</td>
<td valign="top">Ahoset -sukuseuramatka Tampereelle Scandic Tampere Koskipuistoon</p>
<p>Sukuseuramme sukujuhla järjestettiin <a href="https://kunnonpaikka.com/fi" target="_blank" rel="noopener noreferrer">Kylpylähotelli Kunnonpaikassa</a> Siilinjärvellä.</td>
</tr>
<tr>
<td valign="top">15.-16.7.2017</td>
<td valign="top">Ahosten varsinainen sukukokous pidettiin Siilinjärven Vuorelassa, Kylpylähotelli Kunnonpaikassa. 15.7. oli sukuharojen tapaaminen ja frisbee kisaan. 16.7. pidettiin varsinainen sukukous, jossa julkaistiin Sukukirja III -osa.</td>
</tr>
<tr>
<td valign="top">2.-3.8.2016</td>
<td valign="top">Ahosten sukuseuran matka Lieksaan ja Joensuuhun.</td>
</tr>
<tr>
<td valign="top">11.-12.7.2015</td>
<td valign="top">Ahosten varsinainen sukukokous pidettiin Siilinjärven Vuorelassa, Kylpylähotelli Kunnonpaikassa. 11.7. oli sukuharojen tapaaminen ja frisbee kisaan. 12.7. pidettiin varsinainen sukukous.</td>
</tr>
<tr>
<td valign="top">13.7.2014</td>
<td valign="top">Järjestettiin sukuseuran jäsenten yhteinen päiväretki Nilsiään Aholansaareen. Päivän aikana tutustuimme saaren historiaan, katsoimme teatteriesityksen ja vietimme mukavan yhteisen päivän sukulaisten seurassa.</td>
</tr>
<tr>
<td valign="top">6.-7.7.2013</td>
<td valign="top">Vuoden 2013 sukuseuran yhteinen tapaaminen järjestettiin Siilinjärven Vuorelassa, <a class="teksti" href="https://kunnonpaikka.com/fi" target="_blank" rel="noopener noreferrer">Kylpylähotelli Kunnonpaikassa</a>.</td>
</tr>
<tr>
<td valign="top">9-10.7.2011</td>
<td valign="top">Vuoden 2011 sukuseuran yhteinen tapaaminen järjestettiin Siilijärven Vuorelassa, Kylpylähotelli Kunnonpaikassa.</td>
</tr>
<tr>
<td valign="top">20.3.2012</td>
<td valign="top">Ahoset -sukuseuran nimenmuutos Pohjois-Savon ja Pohjois-Karjalan Ahoset -sukuseura ry:ksi.</td>
</tr>
<tr>
<td valign="top" width="110">17.-18.7.2010</td>
<td valign="top">Kesäkokous pidettiin 17-18.7. Vuorelassa, Kylpylähotelli Kunnonpaikassa,Jokiharjuntie 3, 70910 Vuorela. 10-vuotisjuhlakokouksessa julkistettiin sukuseuramme <a class="teksti" href="http://ahonen.fi/Wp/sukukirja/">Sukukirja II -osa</a>. Kokouksessa oli mukana paljon sukuseuramme jäseniä &#8211; sukukokouksen 2010 yhteinen potrettikuva löytyy <a class="teksti" href="http://ahonen.fi/Wp/valokuvia/">Valokuvia -sivulta</a>.</td>
</tr>
<tr>
<td valign="top">11.-12.7.2009</td>
<td valign="top">Kesätapaaminen pidettiin <a class="teksti" href="http://www.gasthauslastulahti.com" target="_blank" rel="noopener noreferrer">Gasthaus Lastulahdessa</a> Nilsiässä.</td>
</tr>
<tr>
<td valign="top">5.-6.7.2008</td>
<td valign="top">Vuoden 2008 kesätapaaminen pidettiin Joensuussa. Kokouspaikkana oli hotelli Julie, Valimontie 3, Lehmo.</td>
</tr>
<tr>
<td valign="top">Kesäkuu 2008</td>
<td valign="top">Ahoset-jäsenlehden ensimmäinen numero tuli painosta kesäkuussa 2008 ja postitettiin jäsenillemme.</td>
</tr>
<tr>
<td valign="top">21.-22.7.2007</td>
<td valign="top">Kesäkokous pidettiin Kylpylähotelli Kunnonpaikassa Siilinjärvellä, jossa julkistettiin Sukukirja I -osa.</td>
</tr>
<tr>
<td valign="top">Kesä 2005</td>
<td valign="top">Vuonna 2000 Valtimolla perustettu sukuseuramme täytti viisi vuotta. Juhlistimme toimintaa sukukokouksella Siilinjärvellä heinäkuussa.</td>
</tr>
<tr>
<td valign="top">13.7.2005</td>
<td valign="top">Ahonen.fi www-sivut avattiin.</td>
</tr>
<tr>
<td valign="top">9.-10.7.2005</td>
<td valign="top">Sukuseuran vuosikokous Siilinjärvellä hotelli Kunnonpaikassa. Uusi hallitus valittiin ja puheenjohtajaksi Antti Ahosen jälkeen Viljo Nuutinen.</td>
</tr>
<tr>
<td valign="top">1.6.2005</td>
<td valign="top">Sukuviiri valmis, suunnittelijana arkkitehti Timo Ahonen. Sukuviiri symbolisoi Ahos-sukujen vahvaa raivaaja- ja kaskeamisperinnettä Ylä-Savon ja Ylä-Karjalan korpipitäjissä. Viiriä saatavissa sekä pöytä- että salkoviirinä.</td>
</tr>
</tbody>
</table>

<p>Ajankohtaista Mitä tilastot kertovat Ahosten sukuseuran www-sivujen ja Facebookin käytöstä? (Mikko Ahonen, 13.5.2023) Jotta eri viestintäkanavat tukisivat toinen toisiaan ja jotta tietoa Ahosten sukuseurasta saataisiin levitettyä laajemmalle, käyn seuraavassa läpi muutamia tilastotietoja erikseen kummankin alustan osalta. Katso tarkempi aiheen avaus oheista pdf-liitteestä. Tiedotuksia Puheenjohtajan palstalla tapahtuu &#8211; sieltä löydät viimeisimmät sukuseuramme puheenjohtajan ja hallituksen kuulumiset. &hellip; </p>
<p class="link-more"><a href="https://ahonen.fi/Wp/uutisia-ja-tapahtumia/" class="more-link">Jatka lukemista<span class="screen-reader-text"> &#8221;Uutisia ja tapahtumia&#8221;</span></a></p>
